base 11.
-7
Convert -13 (base 7) to base 15.
-a
Convert 1 (base 2) to base 15.
1
a2 (base 15) to base 16
98
What is -202 (base 3) in base 7?
-26
-21 (base 3) to base 15
-7
-1 (base 9) to base 5
-1
-1102 (base 3) to base 2
-100110
Convert 1 (base 7) to base 8.
1
-2 (base 10) to base 7
-2
140 (base 11) to base 5
1130
What is -60 (base 13) in base 8?
-116
-10 (base 6) to base 13
-6
What is 3 (base 14) in base 5?
3
4 (base 15) to base 13
4
100111001 (base 2) to base 5
2223
What is -2 (base 8) in base 3?
-2
1240 (base 5) to base 15
d0
Convert 16 (base 15) to base 7.
30
What is -2000 (base 3) in base 12?
-46
Convert 1 (base 13) to base 9.
1
What is -7 (base 9) in base 3?
-21
-43 (base 5) to base 15
-18
What is -111100 (base 2) in base 4?
-330
What is 3 (base 8) in base 14?
3
-10 (base 7) to base 6
-11
What is -33 (base 8) in base 4?
-123
Convert 158 (base 10) to base 14.
b4
What is 14 (base 6) in base 11?
a
0 (base 13) to base 12
0
Convert 21 (base 3) to base 10.
7
What is -1 (base 9) in base 7?
-1
Convert -1 (base 5) to base 3.
-1
-1b9 (base 12) to base 15
-140
-77 (base 13) to base 3
-10122
What is -120 (base 3) in base 7?
-21
Convert -1 (base 10) to base 15.
-1
-22 (base 3) to base 9
-8
-8 (base 11) to base 10
-8
What is 21 (base 13) in base 12?
23
What is -73 (base 10) in base 6?
-201
-2 (base 4) to base 11
-2
What is -130 (base 4) in base 3?
-1001
Convert 1 (base 5) to base 15.
1
What is 5a (base 12) in base 14?
50
1 (base 16) to base 4
1
Convert 15 (base 16) to base 15.
16
What is -4 (base 14) in base 9?
-4
Convert -3d (base 16) to base 8.
-75
64 (base 15) to base 7
163
131 (base 4) to base 13
23
What is 20 (base 12) in base 16?
18
What is -1 (base 3) in base 5?
-1
What is -5 (base 11) in base 5?
-10
Convert 11002 (base 3) to base 7.
215
Convert -101 (base 2) to base 3.
-12
Convert 10 (base 5) to base 9.
5
What is 137 (base 9) in base 6?
311
3 (base 4) to base 12
3
Convert 0 (base 13) to base 4.
0
Convert 5 (base 16) to base 3.
12
-20 (base 3) to base 5
-11
42 (base 13) to base 12
46
What is 10 (base 2) in base 6?
2
What is -22 (base 8) in base 3?
-200
What is 11 (base 14) in base 3?
120
-54 (base 7) to base 5
-124
-21 (base 6) to base 14
-d
-12 (base 11) to base 9
-14
-3 (base 10) to base 11
-3
Convert -121 (base 10) to base 11.
-100
-1a0 (base 13) to base 8
-453
2 (base 5) to base 4
2
What is 107 (base 8) in base 7?
131
Convert 100011 (base 2) to base 6.
55
12 (base 16) to base 2
10010
b (base 16) to base 14
b
-53 (base 6) to base 4
-201
Convert -50 (base 14) to base 11.
-64
What is -17 (base 14) in base 3?
-210
What is 1 (base 15) in base 12?
1
-2 (base 7) to base 6
-2
What is -67 (base 16) in base 5?
-403
-323 (base 4) to base 8
-73
-4 (base 10) to base 13
-4
Convert -4 (base 13) to base 2.
-100
26 (base 11) to base 9
31
Convert 102 (base 4) to base 3.
200
Convert -10010010 (base 2) to base 9.
-172
Convert -46 (base 10) to base 4.
-232
Convert 2 (base 15) to base 4.
2
-10 (base 2) to base 16
-2
10 (base 2) to base 10
2
-2 (base 8) to base 7
-2
-5 (base 11) to base 9
-5
-6 (base 13) to base 5
-11
What is -4 (base 9) in base 11?
-4
What is -7 (base 11) in base 13?
-7
What is -101 (base 3) in base 14?
-a
What is -103 (base 4) in base 2?
-10011
-2 (base 8) to base 9
-2
What is 144 (base 5) in base 3?
1211
30 (base 7) to base 3
210
11 (base 13) to base 12
12
What is 11 (base 7) in base 12?
8
31 (base 5) to base 12
14
What is -8 (base 16) in base 7?
-11
Convert -8 (base 11) to base 15.
-8
Convert 13 (base 6) to base 12.
9
What is a (base 14) in base 3?
101
Convert -2 (base 12) to base 14.
-2
-43 (base 10) to base 14
-31
Convert 11020 (base 3) to base 8.
162
-3 (base 15) to base 6
-3
-9 (base 11) to base 16
-9
What is 73 (base 12) in base 15?
5c
6b (base 12) to base 15
58
3 (base 11) to base 2
11
b (base 12) to base 16
b
What is -28 (base 9) in base 11?
-24
Convert 101 (base 3) to base 7.
13
-1a5 (base 12) to base 14
-153
Convert 207 (base 8) to base 14.
99
What is 23 (base 15) in base 13?
27
Convert 211 (base 5) to base 4.
320
What is -3 (base 12) in base 11?
-3
110 (base 2) to base 9
6
What is 1152 (base 6) in base 15?
13e
-12 (base 3) to base 12
-5
What is -6 (base 10) in base 6?
-10
What is -2 (base 3) in base 15?
-2
What is -14 (base 6) in base 15?
-a
Convert 44 (base 5) to base 6.
40
Convert 11001 (base 2) to base 16.
19
What is -12021 (base 3) in base 13?
-ac
Convert 1110 (base 2) to base 11.
13
What is 2 (base 12) in base 11?
2
What is 21 (base 6) in base 14?
d
What is -41 (base 6) in base 9?
-27
What is -22 (base 10) in base 13?
-19
-144 (base 8) to base 3
-10201
What is 21100 (base 3) in base 16?
c6
Convert 11 (base 2) to base 8.
3
What is 12 (base 12) in base 13?
11
-5 (base 6) to base 14
-5
What is -118 (base 9) in base 14?
-70
What is 125 (base 6) in base 7?
104
Convert 1002 (base 3) to base 9.
32
What is 100 (base 2) in base 8?
4
What is 71 (base 8) in base 16?
39
What is -12 (base 3) in base 6?
-5
-7 (base 16) to base 9
-7
Convert 1b (base 16) to base 2.
11011
Convert 2 (base 14) to base 2.
10
9 (base 13) to base 16
9
What is 13 (base 9) in base 6?
20
89 (base 13) to base 11
a3
What is 14 (base 9) in base 13?
10
What is -57 (base 12) in base 6?
-151
Convert -10 (base 2) to base 7.
-2
What is -1 (base 3) in base 12?
-1
What is -11 (base 2) in base 4?
-3
What is 126 (base 10) in base 5?
1001
What is -7 (base 10) in base 3?
-21
Convert -102 (base 4) to base 2.
-10010
dc (base 16) to base 11
190
What is -1110110 (base 2) in base 14?
-86
What is 0 (base 15) in base 12?
0
Convert -11100011 (base 2) to base 3.
-22102
What is 46 (base 14) in base 4?
332
What is 24 (base 12) in base 4?
130
Convert 1 (base 16) to base 9.
1
What is -f (base 16) in base 9?
-16
Convert 5 (base 9) to base 8.
5
What is -20 (base 3) in base 10?
-6
23 (base 9) to base 7
30
Convert -14 (base 15) to base 14.
-15
8 (base 15) to base 9
8
16 (base 7) to base 5
23
Convert -302 (base 6) to base 4.
-1232
Convert 5 (base 12) to base 7.
5
Convert 146 (base 12) to base 16.
c6
1100 (base 2) to base 13
c
-1 (base 12) to base 14
-1
What is 41 (base 14) in base 10?
57
-2 (base 6) to base 3
-2
Convert 1312 (base 4) to base 9.
141
Convert -33 (base 5) to base 9.
-20
Convert -4 (base 7) to base 11.
-4
What is -a (base 13) in base 11?
-a
What is -12 (base 3) in base 16?
-5
1321 (base 4) to base 9
144
-2 (base 16) to base 3
-2
8c (base 16) to base 5
1030
Convert -45 (base 8) to base 11.
-34
What is -2 (base 3) in base 5?
-2
0 (base 6) to base 11
0
What is 4 (base 16) in base 5?
4
-110 (base 3) to base 8
-14
12 (base 3) to base 9
5
What is 1 (base 5) in base 13?
1
-3b (base 12) to base 6
-115
What is -8 (base 10) in base 14?
-8
What is 101 (base 3) in base 2?
1010
106 (base 12) to base 10
150
Convert 143 (base 7) to base 2.
1010000
What is 6 (base 9) in base 4?
12
Convert 21 (base 11) to base 5.
43
-101 (base 9) to base 3
-10001
Convert -134 (base 8) to base 16.
-5c
What is 100 (base 2) in base 12?
4
What is -bc (base 15) in base 8?
-261
Convert 1 (base 5) to base 8.
1
What is -3 (base 9) in base 16?
-3
What is -4b (base 13) in base 7?
-120
What is 1 (base 9) in base 5?
1
Convert 5 (base 10) to base 15.
5
What is 413 (base 5) in base 9?
130
-10 (base 7) to base 12
-7
-10 (base 16) to base 9
-17
What is 4 (base 16) in base 10?
4
-1110 (base 3) to base 11
-36
What is 134 (base 6) in base 11?
53
What is 211 (base 5) in base 2?
111000
0 (base 5) to base 12
0
-4 (base 11) to base 2
-100
-142 (base 13) to base 8
-337
Convert -111 (base 2) to base 7.
-10
10 (base 4) to base 10
4
What is 5 (base 7) in base 4?
11
Convert 3 (base 13) to base 6.
3
What is 8 (base 11) in base 6?
12
Convert -17 (base 12) to base 10.
-19
What is 221 (base 10) in base 16?
dd
21010 (base 3) to base 13
11a
Convert -6a (base 14) to base 4.
-1132
What is -220 (base 7) in base 15?
-77
Convert 153 (base 6) to base 16.
45
Convert -6 (base 12) to base 8.
-6
What is 1010110 (base 2) in base 3?
10012
Convert 3 (base 7) to base 15.
3
Convert -5 (base 14) to base 13.
-5
What is 5 (base 9) in base 5?
10
What is -3 (base 9) in base 5?
-3
Convert a (base 14) to base 15.
a
What is -14 (base 12) in base 9?
-17
What is 24 (base 5) in base 6?
22
Convert 140 (base 5) to base 9.
50
Convert -14 (base 13) to base 6.
-25
What is -3 (ba